d c.
7
Suppose 3*i - 369 = -0*i. Suppose 5*k = i + 1277. Let x be (k/(-21))/((-2)/12). What is the highest common divisor of x and 16?
16
Let k = 116 + -77. Calculate the highest common factor of k and 78.
39
Suppose -a - 7 = 5. Let j be 8/20 + a/(-20). Suppose -h + j = -13. Calculate the highest common divisor of 21 and h.
7
Let j be -2 - (-1)/(11/176). Calculate the greatest common factor of j and 378.
14
Suppose 30 + 60 = 3*m. Let p = -9 + m. Let a = 13 - 6. What is the highest common divisor of a and p?
7
Let t(j) = -j + 70. Let c be t(1). What is the highest common divisor of c and 483?
69
Let h(r) = 6*r**2 + 3*r + 4. Suppose -4 + 0 = -y, -3*s - 46 = 2*y. Let v = s + 22. Let k be h(v). What is the greatest common factor of 14 and k?
14
Suppose -9*o + 85 = -5. Suppose 666 = 3*x - 0*x. Let z = 312 - x. Calculate the greatest common divisor of o and z.
10
Let d be -2 + (2 - -4) - 2. Let t be (-4)/8*(d + -146). Let r = 0 + 9. What is the highest common factor of t and r?
9
Let r be 5 + (3/9)/(2/6). Suppose -4*g + 1150 = r*g. Calculate the greatest common divisor of 23 and g.
23
Suppose -55 = 4*j - 15*j. Let n(d) = -d**3 + 3*d**2 + 4*d - 2. Let q be n(3). Calculate the greatest common factor of q and j.
5
Let q be (-1 - 44/(-2))/((-66)/(-1012)). What is the highest common factor of 138 and q?
46
Let q = -1 - -1. Let o(g) be the second derivative of -g**4/12 + 8*g**2 + 2*g - 17. Let i be o(q). What is the greatest common divisor of 24 and i?
8
Let n(f) = -14*f - 2. Let q be n(-2). Suppose 3*w - 7*w = 0. Suppose -5*o + 4*o + 182 = w. Calculate the highest common divisor of o and q.
26
Suppose 0*x = 2*x - 96. Suppose -5*p + 33 = -3*j, 4*j - 5*j + 40 = 4*p. Let z be 0 - -1 - (-6 - p). Calculate the greatest common factor of x and z.
16
Suppose 4*j - 8 = 2*q, 2*j + q - 8 = -4. Suppose -3*t + 2 = -j*t. Suppose t*i - 32 = 5*u, -4*i + 37 + 3 = 2*u. What is the greatest common factor of 44 and i?
11
Let h be 2/7 - 72/(-42). Suppose g - h*c - 12 = -g, -c = 2. Suppose g*m - 60 = -m. What is the highest common divisor of m and 18?
6
Let f(l) = -2*l**3 - 18*l**2 + 13*l - 10. Let c be f(-10). Calculate the greatest common factor of c and 20.
20
Suppose 0 = -7*t + t. Suppose t = 2*y + 10, y = -5*b - 4*y. Calculate the highest common divisor of b and 2.
1
Suppose 11 + 4 = 3*f. Suppose 0 = -f*k - 5*z - 10, 3*z + 3 + 5 = -2*k. What is the highest common divisor of k and 34?
2
Let u = 71 + -51. Let w = 106 + u. What is the highest common factor of w and 18?
18
Let t be 0/((3 - 7)/(-4)*1). Suppose t = -4*g - 16, -5*u - 5*g + 102 = -3*g. Calculate the greatest common divisor of 33 and u.
11
Suppose -9*j - 214 = -241. What is the greatest common factor of 501 and j?
3
Suppose 0 = 67*o - 60*o - 294. Calculate the greatest common factor of 1218 and o.
42
Suppose 0 = -5*d - 5*g + 10, -5*d + 3*d = -2*g. Let t be 130*(d - (-2)/(-4)). Let f be (-3)/(-30) + 1677/130. What is the highest common factor of t and f?
13
Let r be 3 + (-18)/6 + 2. What is the greatest common factor of 54 and r?
2
Let f be (-178)/11 - (-6)/33. Let m be ((-1)/2)/(4/f). Suppose -280 = -2*o - 4*z, m*z = 4*o + 4*z - 590. What is the greatest common factor of o and 30?
30
Let r(q) = -q + 9. Let z be r(-1). Let l = 17 - -5. Let p be (-1536)/(-22) + 4/l. What is the greatest common divisor of p and z?
10
Let y be 23/(-115) - (18/10 + 0). Let q be (-81)/y*(-20)/(-6). What is the greatest common factor of q and 5?
5
Let z = -391 - -397. Suppose 87 = 4*b + 5*o, 0 = 3*b - 4*o - 0*o - 42. Let h = 48 - b. Calculate the highest common factor of h and z.
6
Let q = 15 - 8. Let u = -5 + q. Suppose 10*i - 94 = -34. What is the highest common divisor of u and i?
2
Let w be ((-1)/(-2))/((-5)/(-150)). Let d be 16/(-6)*w/(-20). Calculate the greatest common factor of d and 2.
2
Let c = 21 + -15. Suppose 4*y - 30 + c = 0. Let p = -1 + y. Calculate the highest common divisor of p and 35.
5
Let v be ((-171)/(-12))/((-1)/(-4)). Suppose -219 - 42 + 33 = -6*p. Calculate the highest common factor of v and p.
19
Let j be (-40)/200 + (-716)/(-5). Let g(a) = a**2 - 4*a + 1. Let n be g(3). Let d be n/7 + (-186)/(-14). Calculate the greatest common factor of j and d.
13
Let x = 5126 + -3527. What is the greatest common factor of 13 and x?
13
Let f = 253 + -236. Calculate the greatest common divisor of 323 and f.
17
Let f = 41 + 95. Let j = f - 112. Calculate the greatest common factor of 120 and j.
24
Let k = 9 - 9. Suppose 2*m - 26 = -k*m. Let y be (((-39)/(-4))/(-3))/(49/(-196)). What is the highest common factor of y and m?
13
Let r be 17985/60 + (0 - 2/(-8)). Suppose -r = j - 4*j. Calculate the highest common factor of j and 75.
25
Suppose 0 = -2*o - 5*n + 8, -45*n + 41*n = 0. Calculate the greatest common factor of o and 28.
4
Let j be 2/(3 + 21/(-9)). What is the highest common factor of 24 and j?
3
Let m(l) = -30*l**3 - 7*l**2 + 7*l**2 - 6*l - 2 - 4*l**2 + 0*l**2. Let h be m(-2). What is the highest common divisor of 26 and h?
26
Let v(k) = 12*k + 212. Let g be v(-3). Calculate the greatest common divisor of 24 and g.
8
Suppose 6*l = 32*l - 4212. What is the highest common divisor of 18 and l?
18
Let x(q) be the third derivative of 1/60*q**5 + 0 - 1/3*q**3 + 3*q**2 + 1/24*q**4 + 0*q. Let o be x(5). What is the greatest common divisor of o and 7?
7
Let k(o) = -o**2 - o + 181. Let t be k(0). Let n = t - 101. Calculate the highest common factor of 20 and n.
20
Suppose 3*t - 822 = -2*r - r, -4*r = t - 1102. What is the highest common factor of r and 96?
12
Let z(n) = n**3 + 12*n**2 + 22*n + 7. Let q be z(-6). What is the highest common divisor of q and 52?
13
Let h(g) = -9*g - 94. Let v be h(-12). What is the highest common factor of 518 and v?
14
Suppose -a - 1 = -6. Suppose 2*b - 7 = -a*z, 4*b + 6*z - z = 39. What is the greatest common divisor of b and 80?
16
Let f = 48 - 25. Suppose 0 = 3*d - 43 - f. What is the greatest common divisor of d and 198?
22
Let s be (8 - 184/(-8)) + 6. What is the greatest common factor of 333 and s?
37
Let c = -205 - -107. Let g = 104 + c. What is the greatest common factor of g and 96?
6
Let r be (1392/5)/4 - (-10)/25. Calculate the greatest common divisor of 98 and r.
14
Suppose -12 + 60 = f. What is the highest common divisor of f and 24?
24
Let n = -90 + 715. Calculate the greatest common divisor of n and 25.
25
Suppose m = -5*a + 24, 0 = m + 3*m + 4*a - 48. Let x = 124 - 123. Calculate the highest common divisor of m and x.
1
Let d(m) = -m**2 - 18*m + 83. Let r be d(0). What is the greatest common divisor of 2075 and r?
83
Let r be (-12)/(-2)*(-54)/(-81). Suppose 19 + 1 = 2*j - 3*v, -2*j = r*v - 48. Calculate the highest common factor of j and 40.
8
Let n be 26 + (1 + -2 - -1). Let i(a) = -a**3 + 11*a**2 - 11*a - 9. Let o be i(10). Let g = o + n. What is the greatest common factor of 56 and g?
7
Suppose -256 = 8*z - 16. Let m be (180/(-54))/((-56)/z + -2). Calculate the greatest common divisor of m and 5.
5
Let t = -73 + 106. Suppose -2*c = j - 25, c + 24 = 4*c - 3*j. What is the greatest common factor of c and t?
11
Let h be 2*((-15)/6 - -4). Suppose -h*w + 30 = -3. Calculate the highest common divisor of w and 99.
11
Suppose 2*z + 15 = 5*a - 3, 5*a + 4*z + 6 = 0. Suppose c = 6 - a. Let m be (-32)/6*2*-3. Calculate the highest common divisor of c and m.
4
Let s(z) = 6*z + 9. Let g be s(-1). Calculate the greatest common divisor of g and 54.
3
Suppose -5*z - 4*j + 78 = 0, -5*z + 36 = -2*j - 30. Let p be (-175)/(-10)*24/15. Calculate the highest common divisor of z and p.
14
Suppose 44*s + 10 = 16*v + 47*s, -5*s = 10. Let f(h) = -h. Let k be f(-1). What is the highest common divisor of k and v?
1
Suppose 4*n - 3*n = -2*c + 15, 0 = 2*n - 2*c - 24. Let k = 53 + n. What is the highest common divisor of k and 22?
22
Let l(i) = -20*i**3 + i**2 - i - 1. Let r be l(-1). Suppose 5*b = -5*z + 1070 - 225, 3*z = 3*b - 501. What is the highest common divisor of r and b?
21
Suppose -23*j + 17*j + 1962 = 0. Calculate the greatest common divisor of 218 and j.
109
Suppose 5*b - 13 - 12 = 0. Suppose -b*r - 15 = 0, -2*u - 4*r - 2 = -330. What is the highest common factor of 68 and u?
34
Let b be (-4)/5*(-120)/(19 + -11). Let l be (-3)/(-9) - (-75)/(-9). Let d be -1 - (l + 2/(-2)). What is the greatest 